 + 4?
-1
14 + -4 + -4 + -5
1
What is -9 + -2 + -114 + 122?
-3
-3 + (4 - -2 - (4 + -4))
3
Calculate (14 - (4 - -7)) + (0 - 6).
-3
What is the value of 7 + (8 - 9) - 0?
6
What is -1 + (1 + 1 - 6 - 0)?
-5
Calculate -8 + (7 - 2) - -3 - -6.
6
What is the value of 14 - 7 - -1 - 4?
4
What is 4 - (-5 - -5) - 1?
3
Evaluate -3 - (3 + -5 - (-1 + 2)).
0
What is the value of 0 + -6 - 0 - -8?
2
Evaluate -1 + (-1 + (-4 - -6) - 0).
0
What is -2 + 10 + (-18 - -17)?
7
Evaluate (1 - 2 - (-3 - -8)) + 1.
-5
7 + (-12 - 0) + (15 - 3)
7
What is the value of -4 - ((1 - -10) + -21)?
6
0 - (-2 + 1) - (-3 + 8)
-4
(-24 - -31 - (4 + 1)) + 4
6
What is (1 + 5 - -2) + -4?
4
4 + (-4 - -8 - 4)
4
What is the value of -4 - -2 - (1 - (-5 - -5))?
-3
What is -5 - (3 - (6 + -2))?
-4
Evaluate -10 - 0 - (-3 - -2).
-9
What is the value of (-4 - -3 - -1) + 1?
1
-12 + (11 - -11 - 12)
-2
What is the value of 2 - (1 + 0 + -1)?
2
Evaluate 4 - ((-1 - 5) + 4).
6
(0 - 1) + -9 + 5 + 4
-1
Calculate -24 + 31 + -4 + (1 - 1).
3
Evaluate 0 + (6 - 2 - 8).
-4
-2 - 11 - (-186 + 176)
-3
What is the value of (-6 - -2) + (2 - -5) + 5?
8
What is 9 + -2 + (-43 - -37)?
1
What is the value of -6 + 1 + 28 + -25?
-2
Calculate 6 + 0 + -1 + -11 - -3.
-3
What is the value of (0 - -5) + 9 + -10?
4
What is (-7 - -1) + (29 - 19)?
4
Calculate 1 - -3 - (17 + -6 + -5).
-2
Evaluate -14 - (4 + -3 - (-1 - -7)).
-9
What is the value of 9 + (-3 - ((-9 - -4) + 6))?
5
What is the value of (1 - -3) + (1 - 0)?
5
-7 + 3 + -9 - -19
6
Calculate 0 + (7 - -5 - (-3 + 9)).
6
-2 - -8 - (15 + -9)
0
What is 15 + 0 + (-12 - 2)?
1
Calculate -1 + (10 - -1) - 8.
2
What is the value of 9 + -2 + -2 + -1 + -2?
2
What is -10 + 10 + -11 + 4?
-7
Calculate -2 - -6 - 3 - (1 - 5).
5
What is (-4 - (8 + -4)) + 2?
-6
What is 0 - 1 - (-8 - -10) - -6?
3
What is the value of (-5 - (6 + -19)) + -15?
-7
What is -1 + -1 + (21 - 15)?
4
Evaluate 3 - (1 - (1 + 1 + -9)).
-5
What is the value of -9 - (-19 - (-22 - -11))?
-1
-3 - (-5 + (-8 - -12))
-2
What is (-4 - -2) + 2 - -1?
1
What is 5 + -6 + 10 - 13?
-4
What is the value of -3 + 0 - (-3 + -1)?
1
What is -6 - (1 + (2 - 3))?
-6
Calculate -3 + 1 - (13 + -7 - 13).
5
What is (1 - 0) + -12 + 16?
5
Calculate -54 - -62 - (-1 - -5).
4
Evaluate (-1 - -1) + -8 + 48 + -45.
-5
What is 0 + 5 + -3 + -1?
1
What is the value of -9 - -3 - (2 - 4)?
-4
Evaluate -3 + -2 - (9 + -3 + -15).
4
Calculate -12 + 0 - (4 - (13 + -2)).
-5
What is -4 - (1 - (6 + -2) - 2)?
1
Calculate 35 - 28 - (6 + 1).
0
Evaluate (-57 - -48) + -1 + 9.
-1
Calculate 0 - 2 - (-7 + 1) - -2.
6
Calculate 7 - ((-3 - -5) + 0).
5
-6 + 3 + 5 - (1 + -2)
3
What is (42 - 45) + -3 + 2?
-4
Calculate 4 + (-27 - -24) + 0 + -1.
0
What is the value of 11 + (-11 - -6 - 4)?
2
What is (-7 - (2 + -4)) + 1?
-4
1 + -3 + 6 + -7
-3
Evaluate (5 - (-1 + 5)) + 4.
5
What is 6 - 18 - -9 - -1?
-2
What is the value of -4 - -5 - (-5 + 6 + -4)?
4
Calculate 1 - 7 - (2 - 5) - 0.
-3
1 + (1 - 1) + 4
5
(-7 - -2) + -1 + 5
-1
Calculate (1 - (-3 - 1) - 1) + -1.
3
What is -2 + (-1 - -4) + -8?
-7
(-1 - 6) + -19 + 23
-3
What is 2 - (2 + 4 + -11 + 5)?
2
Calculate 1 + (3 + 4 - 2 - 2).
4
(6 - 2) + (2 - 4)
2
What is the value of -3 - (-3 + 6 + -3)?
-3
What is the value of -4 - (-2 + 0 + -4) - 4?
-2
2 - (5 + (5 - 9)) - 5
-4
What is the value of -3 + 3 + -1 + -3?
-4
Evaluate -3 + 0 + 1 + 8 + -6.
0
(5 - 6) + 5 + -3 + -1
0
What is 3 + (-4 - (-9 + 2)) - 5?
1
Calculate 9 - 11 - (0 - -2) - -9.
5
Calculate -2 + -2 + (9 - (2 - 3)).
6
What is the value of (0 - -2) + (-7 - 0)?
-5
What is -1 + 1 - (11 + -27 - -9)?
7
Calculate 9 - (12 - 0) - (-6 - -1).
2
7 + -2 - (9 + -2 + -2)
0
Calculate (-1 - (-4 - -10)) + 9.
2
(-6 - (0 + 1)) + 5
-2
Calculate 4 + (0 + 3 - 6) - 2.
-1
Calculate 7 + 1 + -2 + 0.
6
Evaluate (-2 - -11 - (14 + -19)) + -7.
7
What is the value of 3 - (3 + -7 - -4 - -4)?
-1
Evaluate (1 - (-5 + 10)) + 13.
9
Calculate -4 + 1 + -1 + -1.
-5
What is the value of 4 + (3 - 9) + 2?
0
What is the value of (3 - -1) + (1 - 2)?
3
Evaluate 4 - (5 + -4) - 8 - -6.
1
Evaluate (-1 - (1 + -4)) + -1 + -1.
0
What is 2 - (10 - (-3 - -5))?
-6
What is -3 - 3 - (7 - 15)?
2
What is 3 - (-11 + 1 + 20)?
-7
What is the value of -11 + 7 + 5 + 1 - -1?
3
What is the value of (1 - (0 - 4)) + 1 + -3?
3
What is the value of -4 + 5 + 3 + -6?
-2
What is (-1 - -3) + (-6 - -13 - 5)?
4
(-5 - 4) + 3 + 1
-5
(-3 - (-4 - -3)) + 4
2
11 + -6 - ((2 - 1) + -1)
5
What is the value of -1 + 0 + 1 + 2 - -3?
5
-2 - (-8 + 7) - (-2 - -3)
-2
Calculate -9 + 16 - 9 - (1 - 5).
2
What is the value of -2 - (4 + (-7 - (-3 - -6)))?
4
Calculate 2 + -1 + -1 + (-8 - -13).
5
Calculate 3 - (1 + -4 - -10).
-4
(-4 - -10) + -16 + 9
-1
What is the value of -2 - (0 + 3) - -5?
0
What is -9 + 4 + 1 - 2 - -5?
-1
-3 + (-2 + 1 - 0 - -2)
-2
-8 + -2 + -62 + 68
-4
-10 - (-12 + 12 + -4)
-6
Evaluate -2 - 0 - 5 - -4.
-3
Evaluate -9 + 11 + -11 + 4.
-5
Evaluate 1 + (10 - 12 - 6).
-7
What is 6 + -6 + (-3 - -4) + -3?
-2
Evaluate -8 + (4 - 0) + 2 + 7.
5
What is 3 - (0 - (-6 - -6))?
3
Evaluate 3 - -1 - (11 + -8).
1
Evaluate (0 - (1 + -4)) + -1.
2
Calculate 8 - (12 + -19 - (2 - 24)).
-7
Evaluate 6 + 6 - 8 - (1 + -1).
4
What is 1 + 1 + (-6 + 3 - -5)?
4
-4 - (-3 - (4 - 4))
-1
Evaluate 8 + -2 + -2 + 0 + -6.
-2
1 - (4 + -2) - 0
-1
What is -6 + (0 - -2) + 7 + -5?
-2
What is the value of -5 + -1 + (0 - -3)?
-3
(1 - -4) + 0 + -1 + -6
-2
Evaluate -19 + 15 + (-1 - -2).
-3
Evaluate -3 + (-4 - -1 - (-31 + 26)).
-1
(-6 - (-17 - -7)) + 3 + -7
0
What is -17 + 10 + (3 - -7)?
3
Calculate 4 + -1 + 5 + -7 + 2.
3
Calculate -3 + 0 + 2 + 3.
2
Evaluate 6 - (-4 + 1 + 13).
-4
Calculate -3 + 1 + (-3 - -3) + 2.
0
What is the value of 27 + -28 + 9 + -3?
5
What is -5 + -3 + 14 + -6 - 4?
-4
Evaluate -4 + 8 - (0 - (3 + -2)).
5
Evaluate (5 - 3) + -6 + 4 + 4.
4
What is 9 - 4 - (-21 + 29)?
-3
Evaluate 1 + 3 + (2 - 6) + 1.
1
What is 10 + (-4 - 6) + -3?
-3
(5 - (6 + 2)) + 5
2
What is the value of 2 + (-12 - (-4 + 1 + -3))?
-4
What is the value of (-2 - -7) + -2 + 11 + -9?
5
Evaluate (146 - 146) + -1 + (0 - -8).
7
Evaluate 3 + -1 + 10 + -9.
3
Evaluate -1 - (14 - (12 + -5)).
-8
(1 - (-16 + 16)) + (-1 - 4)
-4
What is -3 - (-8 + -3 - -16)?
-8
Evaluate -4 - (2 + -11 + -4) - 4.
5
Evaluate 3 - (22 + -1 + -10).
-8
What is -3 + 2 + (-2 - -1) + -1?
-3
What is (-20 - -7 - 2) + 9?
-6
What is (-3 - -7) + -7 + 6 + 0?
3
Calculate 9 + (-12 - -3) + 0.
0
Calculate 4 - (-3 - -1 - -3).
3
Calculate (-37 - -38) + (0 - -11) + -3.
9
What is -10 - -14 - ((0 - 2) + 1)?
5
Calculate 1 + 3 + 0 + -26 + 29.
7
Calculate 1 + -3 + (0 - (2 + -2)).
-2
12 + -19 - (5 + -7)
-5
Evaluate (-17 - (7 - 10)) + 7.
-7
What is 1 + -1 + 8 + -1 + -4?
3
Calculate -1 + ((5 - 3) + -4 - 5).
-8
Evaluate -7 - (2 - (-7 + 11)).
-5
6 - (2 - -4 - -1)
-1
Evaluate (10 - 6) + 2 - 8.
-2
What is -1 + -1 - (7 - (2 - -7))?
0
What is the value of -3 + (2 - -10) + 3 + -7?
5
Calculate 4 + (-2 - -1 - (-3 + 3)).
3
1 + -5 + 4 - (-8 + 5)
3
Evaluate 1 + -14 + 1 + 5.
-7
Evaluate 0 - -1 - 1 - (134 + -133).
-1
0 + 3 + 0 + (-10 - -5)
-2
What is the value of -2 + 3 - (-1 + (3 - 7))?
6
Calculate (6 - (-2 + 0 - -4)) + -1.
3
What is -3 + 3 + 3 + 1?
4
What is 7 + -1 + (-5 - 4)?
-3
Evaluate 2 + 4 - (-7 + (9 - 3)).
7
Evaluate -14 + 0 + 5 + 1 + 15.
7
What is the value of 0 + -1 + (0 - -2) + -1?
0
What is the value of (7 + -4 - 7) + 1 + -2?
-5
3 + -16 + 6 + 5 - 6
-8
What is -20 - -17 - -5 - (2 - -1)?
-1
What is 7 + -1 + (11 - 19)?
-2
What is the value of -7 + 2 - (3 - 3)?
-5
What is 2 + (-6 - 1 - (21 + -26))?
0
What is the value of -12 + 1 + 21 - 2?
8
What is -9 + -1 + 3 - -4?
-3
What is the value of 3 + (4 - (1 - 1)) + -6?
1
Calculate 6 + -6 + (6 - -1) - 2.
5
What is -4 + (4 - (-4 - -6))?
-2
What is (35 - 28) + (-8 - -1 - 0)?
0
What is the value of (2 - 0) + -1 - 2?
-1
Evaluate -2 + 1 + (5 - 5 - -6).
5
What is 11 + 1 + -1 - (-169 + 173)?
7
What is the value of (4 - (13 - 7 - -1)) + 7?
4
What is -36 + 35 - (-6 + 1)?
4
1 - 6 - (-2 + 7 - 8)
-2
Calculate -6 + -1 - -8 - (-3 + 0).
4
What is 13 + -11 + -7 + 2?
-3
Calculate -2 + 7 + (-1 - 2) + 2.
4
What is -1 + -5 + 6 + -1?
-1
11 + -9 - (-1 - -1)
2
What is 0 + 13 + -17 + 4?
0
Evaluate 22 + -17 + -10 + 0.
-5
Calculate 8 + -10 + (5 - 5).
-2
-4 - 0 - (9 + -15)
2
92 + -96 - (0 + -7 + 0)
3
2 + 3 - (-8 + 8 + 2)
3
What is the value of 75 - 78 - ((1 - 1) + -3)?
0
Evaluate -1 + -1 + 